182. Give c(152).
2
Let a(v) = 1932*v**2 - 5878*v + 47. Determine a(3).
-199
Let n(u) = 76*u + 11067. Determine n(-145).
47
Let k(o) = -2*o**2 - 66077*o - 132142. Calculate k(-2).
4
Let p(a) = -a**3 + 26*a**2 - 11081*a + 65763. Determine p(6).
-3
Let s(x) = -3046*x**2 + 213218*x + 150. Calculate s(70).
10
Let z(p) = -p**3 + 336*p**2 + 1718*p - 4442. Give z(341).
-9
Let f(n) = -11*n**2 + 304*n - 2141. Calculate f(16).
-93
Let u(j) = j**3 - 422*j**2 - 1737*j + 376885. What is u(424)?
-51
Let i(m) = 2*m**2 - 8939*m + 26796. Calculate i(3).
-3
Let p(k) = -k**3 + 110*k**2 + 1189*k + 1315. Calculate p(120).
-5
Let t(b) = -825*b - 8438. Calculate t(-11).
637
Let i(h) = h**3 - 54*h**2 - 115*h - 3055. Give i(57).
137
Let n(w) = 2135*w - 57534. Calculate n(27).
111
Let g(k) = 146*k + 923. Give g(-17).
-1559
Let k(l) = 49*l**2 - 60*l + 149. Give k(3).
410
Let s(y) = 106*y + 17916. Determine s(-180).
-1164
Let r(s) = -5*s**2 + 443*s + 3625. Calculate r(-8).
-239
Let c(t) = 99368*t + 298103. What is c(-3)?
-1
Let d(k) = -19*k**2 - 233*k - 436. Calculate d(-9).
122
Let x(d) = d**3 - 87*d**2 + 407*d + 58. Give x(82).
-188
Let q(b) = -63*b**3 + 5037*b**2 + 239*b - 158. Give q(80).
-238
Let y(s) = 137528*s + 2. What is y(0)?
2
Let v(t) = t**3 - 51*t**2 + 580*t + 1264. What is v(31)?
24
Let i(t) = 2*t**3 + 56*t**2 + 187*t + 162. What is i(-26)?
-1996
Let p(l) = -l**3 + 253*l**2 + 752*l + 4614. What is p(256)?
518
Let j(f) = 159*f - 11070. What is j(67)?
-417
Let k(x) = x**3 + 23*x**2 + 153*x + 622. Give k(-13).
323
Let c(q) = q**3 - 244*q**2 - 450*q - 8268. Calculate c(246).
2064
Let o(f) = -5765005*f + 40355039. Calculate o(7).
4
Let y(w) = -3*w**2 - 271*w - 4348. Calculate y(-21).
20
Let p(g) = 2778*g - 1250105. Calculate p(450).
-5
Let u(p) = 68451*p + 1916639. Determine u(-28).
11
Let s(a) = -a**3 + 180*a**2 - 140*a - 6039. What is s(179)?
942
Let h(g) = 1063*g - 8443. Calculate h(8).
61
Let k(m) = 2302*m**2 - 126*m + 128. Calculate k(1).
2304
Let p(a) = a**3 + 149*a**2 + 1768*a + 24. What is p(-136)?
24
Let a(q) = 6*q**3 + 686*q**2 + 5865*q - 1593. Determine a(-105).
-18
Let p(d) = -1210*d - 10834. Give p(-9).
56
Let p(u) = 102*u**2 + 2446*u - 4. Give p(-24).
44
Let b(u) = 1026*u - 1998. What is b(2)?
54
Let a(w) = -385*w**2 - 61218*w - 467. Give a(-159).
10
Let w(z) = -z**3 - 2*z**2 - 65*z - 196. Give w(-3).
8
Let l(i) = 521*i - 21961. Determine l(42).
-79
Let x(n) = -16*n**3 + 2877*n**2 + 542*n - 362. Determine x(180).
-2
Let n(c) = -c**3 - 12*c**2 - 12*c + 44. Calculate n(-6).
-100
Let h(r) = -r**2 - 605*r - 28765. Determine h(-52).
-9
Let h(p) = 4*p**3 - 91*p**2 - 118*p - 79. Give h(24).
-31
Let y(w) = -1168*w - 135503. Give y(-116).
-15
Let l(i) = -i**3 + 38*i**2 + 62136*i + 802. Calculate l(269).
-5
Let y(n) = -267*n - 31449. Determine y(-118).
57
Let z(r) = -5714*r + 28610. Determine z(5).
40
Let u(v) = -6*v**3 + 146*v**2 - 43*v - 206. What is u(24)?
-86
Let z(p) = -77732*p - 1165885. Calculate z(-15).
95
Let v(b) = 2*b**3 + 3*b**2 - 489*b + 35. Calculate v(15).
125
Let q(o) = o**3 + 354*o**2 - 520*o + 68272. Calculate q(-356).
-80
Let i(f) = -2*f**3 + 412*f**2 + 826*f - 85370. Give i(207).
-86
Let q(t) = -127614*t + 20545858. Give q(161).
4
Let o(l) = -1162*l - 21012. Determine o(-18).
-96
Let k(o) = o**3 - 36*o**2 + 77*o + 778. Give k(31).
-1640
Let i(p) = 16514*p + 808843. Calculate i(-49).
-343
Let q(m) = m**3 + 888*m**2 - 3517*m - 3123102. Determine q(-888).
-6
Let q(s) = -s**3 - 256*s**2 + 3228*s + 3261. Give q(-268).
45
Let z(v) = -68*v + 405. Calculate z(3).
201
Let a(j) = -1174462*j - 62246484. What is a(-53)?
2
Let m(u) = -7*u**3 + 247*u**2 - 114*u - 113. Give m(35).
-1653
Let c(k) = -k**3 - 2*k**2 + 19538*k - 58587. What is c(3)?
-18
Let u(k) = -498*k + 41516. Give u(86).
-1312
Let c(x) = 25*x**3 + 7*x**2 + 202*x + 375. What is c(-2)?
-201
Let c(g) = 4*g**3 + 2205*g**2 - 6091*g + 1849. What is c(-554)?
187
Let p(d) = 433*d - 984. Determine p(3).
315
Let d(x) = 119*x**2 + 7012*x - 466. Determine d(-59).
65
Let g(n) = -10*n**2 - 341*n + 7395. Determine g(15).
30
Let o(a) = -157*a**2 - 29671*a + 290. Give o(-189).
-88
Let u(q) = 9915*q - 89135. Calculate u(9).
100
Let k(m) = m**3 - 112*m**2 - 1794*m + 186. Determine k(126).
-3594
Let o(h) = 6411*h - 6372. Calculate o(1).
39
Let d(g) = -51*g + 13607. Calculate d(269).
-112
Let v(o) = 592*o - 40420. What is v(63)?
-3124
Let i(v) = -6*v**3 - 640*v**2 + 505*v + 98480. Calculate i(-106).
6
Let y(g) = 1207*g - 6259. Give y(4).
-1431
Let k(z) = 32010*z + 960790. Calculate k(-30).
490
Let u(i) = -157*i**2 + 925*i - 168. Give u(6).
-270
Let h(x) = -x**3 + 87*x**2 + 653*x - 25. What is h(-7)?
10
Let s(j) = -2*j**2 - 613*j - 85. Determine s(0).
-85
Let d(z) = 66*z**2 - 842*z + 5. Determine d(13).
213
Let b(t) = -2*t**3 + 321*t**2 - 555*t - 36925. Calculate b(158).
205
Let n(k) = 3644*k + 211340. Determine n(-58).
-12
Let y(j) = -68*j**2 + 2335*j - 415. What is y(34)?
367
Let j(m) = 584*m + 42715. Determine j(-73).
83
Let o(q) = 17*q**2 + 5029*q - 10084. Give o(2).
42
Let s(n) = 510*n + 3011. Determine s(-8).
-1069
Let t(i) = -36358*i + 2581299. Calculate t(71).
-119
Let n(v) = 11*v**3 - 2*v**2 - 74. Determine n(0).
-74
Let u(x) = x**2 - 3329*x - 107652. What is u(-32)?
-100
Let p(b) = b**3 + 29*b**2 - 1870*b + 99. Determine p(31).
-211
Let p(q) = -q**3 + 11*q**2 + 1082*q - 13703. Give p(13).
25
Let p(h) = -h**3 + 713*h**2 + 27*h - 19282. Give p(713).
-31
Let p(j) = -5006*j - 625755. Give p(-125).
-5
Let f(d) = -245385*d + 2453855. Calculate f(10).
5
Let l(c) = 13814*c + 497264. Calculate l(-36).
-40
Let h(q) = -313*q - 52269. Calculate h(-167).
2
Let n(r) = 16140*r - 419593. Calculate n(26).
47
Let k(j) = -1601*j + 29966. Give k(19).
-453
Let a(d) = 462*d**2 - 1406*d + 72. Determine a(3).
12
Let x(p) = -677*p**2 - 1342*p + 34. Determine x(-2).
10
Let l(p) = 11*p**2 - 536*p + 1326. Give l(45).
-519
Let n(a) = 11*a**3 - 177*a**2 + 112*a - 1525. Determine n(16).
11
Let f(x) = 2*x**2 + 9967*x + 287353. Give f(-29).
-8
Let b(a) = -a**2 - 40689*a - 691415. Determine b(-17).
9
Let n(q) = -q**3 + 83*q**2 + 642*q - 33719. Calculate n(86).
-695
Let u(x) = -5032*x - 55379. What is u(-11)?
-27
Let o(h) = 13550*h + 4065004. Give o(-300).
4
Let l(g) = g**3 - 78*g**2 + 264*g + 29. Determine l(4).
-99
Let u(c) = -20199*c + 1959274. Calculate u(97).
-29
Let d(v) = v**3 + 18*v**2 - 190*v - 2693. What is d(-10)?
7
Let q(g) = -g**2 + 88*g - 875. Calculate q(35).
980
Let t(x) = -18*x**2 - 322*x + 21. Give t(-3).
825
Let z(x) = -10547*x - 137227. Calculate z(-13).
-116
Let s(h) = h**2 + 347*h + 12214. What is s(-40)?
-66
Let u(r) = -39802*r + 238257. What is u(6)?
-555
Let y(o) = -925*o - 6536. Determine y(-7).
-61
Let y(c) = -7*c**3 + 36*c + 997. Calculate y(0).
997
Let r(i) = -53*i**2 + 325*i - 40. Give r(6).
2
Let i(j) = 136*j**3 - 2177*j**2 + 297*j - 4494. Give i(16).
2
Let n(k) = -25*k**3 - 64*k + 134. Give n(2).
-194
Let c(x) = 3*x**3 - 26*x**2 + 59*x + 233. Give c(-2).
-13
Let j(g) = 26*g**3 + 281*g**2 - 89*g - 384. Determine j(-11).
-10
Let u(d) = -6*d**2 - 2916*d + 2916. Determine u(-487).
-6
Let t(l) = -12672*l - 155034. Determine t(-12).
-2970
Let v(t) = -6*t**2 + 178*t - 700. Give v(4).
-84
Let w(m) = 274*m - 35530. What is w(117)?
-3472
Let u(f) = -3*f**3 + 5*f**2 + 62*f - 660. What is u(7)?
-1010
Let l(y) = -453*y - 2499. Calculate l(-8).
1125
Let z(p) = p**2 - 79*p - 9086. Give z(-64).
66
Let b(f) = -3*f**2 - 854*f - 43289. Give b(-66).
7
Let a(f) = 4017*f + 522223. Calculate a(-130).
13
Let t(k) = -k**2 - 97*k + 22774. What is t(-207)?
4
Let j(o) = 374079*o - 3366727. Give j(9).
-16
Let l(o) = o**2 - 7562*o - 106062. Determine l(-14).
2
Let n(b) = -3*b**3 + 223*b**2 + 151*b - 607. Give n(-2).
7
Let h(b) = b**3 - 182*b**2 - 2221*b + 18920. What is h(193)?
6
Let q(u) = -u**3 - 31*u**2 - 364*u - 1533. What is q(-21)?
1701
Let v(u) = -8*u**2 + 405*u - 2974. Give v(42).
-76
Let m(a) = 6*a**2 - 279*a + 2694. Calculate m(10).
504
Let f(b) = -29*b**2 + 215*b - 323. Calculate f(7).
-239
Let r(c) = 282*c + 14387. Give r(-51).
5
Let a(u) = 10*u**2 - 70*u + 277. Give a(4).
157
Let w(o) = 3737*o - 478061. Determine w(128).
275
Let a(t) = -2226*t**2 + 242629*t + 548. Determine a(109).
3
Let k(h) = 3*h**3 - 152*h**2 -